04353.
97, 26849
List the prime factors of 6315031.
6315031
What are the prime factors of 2096339?
7, 299477
What are the prime factors of 564625?
5, 4517
List the prime factors of 1695384.
2, 3, 47, 167
What are the prime factors of 9671754?
2, 3, 47, 34297
List the prime factors of 694400.
2, 5, 7, 31
List the prime factors of 2005772.
2, 47, 227
What are the prime factors of 10788043?
7, 41, 37589
What are the prime factors of 10448864?
2, 347, 941
List the prime factors of 18710.
2, 5, 1871
List the prime factors of 1074531.
3, 251, 1427
List the prime factors of 1406397.
3, 67, 6997
List the prime factors of 1334692.
2, 333673
List the prime factors of 208154.
2, 199, 523
What are the prime factors of 2318032?
2, 23, 6299
List the prime factors of 684859.
7, 227, 431
List the prime factors of 3163493.
3163493
What are the prime factors of 2846204?
2, 23, 30937
What are the prime factors of 9981568?
2, 29, 2689
What are the prime factors of 74094?
2, 3, 53, 233
What are the prime factors of 164782?
2, 47, 1753
What are the prime factors of 884863?
7, 83, 1523
What are the prime factors of 210878?
2, 97, 1087
List the prime factors of 20747407.
71, 107, 2731
What are the prime factors of 251751?
3, 31, 2707
What are the prime factors of 583200?
2, 3, 5
List the prime factors of 882845.
5, 317, 557
List the prime factors of 1214445.
3, 5, 80963
List the prime factors of 400548.
2, 3, 29, 1151
List the prime factors of 6187523.
131, 149, 317
List the prime factors of 257012.
2, 7, 67, 137
List the prime factors of 364565.
5, 17, 4289
List the prime factors of 1042156.
2, 260539
List the prime factors of 1948315.
5, 389663
List the prime factors of 9568491.
3, 31, 137, 751
List the prime factors of 724068.
2, 3, 20113
What are the prime factors of 2354090?
2, 5, 151, 1559
List the prime factors of 845276.
2, 211319
List the prime factors of 1292822.
2, 646411
List the prime factors of 818900.
2, 5, 19, 431
List the prime factors of 521649.
3, 149, 389
What are the prime factors of 10315047?
3, 3438349
What are the prime factors of 1841418?
2, 3, 102301
What are the prime factors of 3939547?
163, 24169
What are the prime factors of 4124274?
2, 3, 7, 11, 79, 113
List the prime factors of 1271898.
2, 3, 19, 3719
List the prime factors of 2712862.
2, 1356431
List the prime factors of 2037852.
2, 3, 18869
What are the prime factors of 470161?
470161
What are the prime factors of 1745054?
2, 389, 2243
List the prime factors of 640385.
5, 211, 607
What are the prime factors of 1315626?
2, 3, 13, 101, 167
What are the prime factors of 605044?
2, 11, 13751
What are the prime factors of 25912086?
2, 3, 19, 227299
List the prime factors of 195567.
3, 19, 47, 73
What are the prime factors of 12130797?
3, 7, 19, 30403
List the prime factors of 14689684.
2, 3672421
List the prime factors of 148646.
2, 74323
List the prime factors of 2193156.
2, 3, 7, 967
List the prime factors of 646005.
3, 5, 43067
List the prime factors of 566277.
3, 31, 6089
List the prime factors of 249822.
2, 3, 13879
What are the prime factors of 2994768?
2, 3, 7, 2971
List the prime factors of 9181591.
47, 195353
List the prime factors of 87950.
2, 5, 1759
What are the prime factors of 15280488?
2, 3, 23581
List the prime factors of 600748.
2, 101, 1487
List the prime factors of 400032.
2, 3, 463
List the prime factors of 994435.
5, 13, 15299
List the prime factors of 11974278.
2, 3, 1995713
What are the prime factors of 232876?
2, 7, 8317
What are the prime factors of 2285554?
2, 1142777
List the prime factors of 164882.
2, 19, 4339
List the prime factors of 234896.
2, 53, 277
What are the prime factors of 21092220?
2, 3, 5, 37, 3167
What are the prime factors of 681284?
2, 181, 941
List the prime factors of 3072460.
2, 5, 153623
List the prime factors of 1898473.
619, 3067
What are the prime factors of 940729?
17, 55337
List the prime factors of 1663701.
3, 13, 29, 1471
List the prime factors of 2098077.
3, 761, 919
List the prime factors of 2316966.
2, 3, 386161
What are the prime factors of 574370?
2, 5, 19, 3023
List the prime factors of 126476.
2, 7, 4517
List the prime factors of 514504.
2, 73, 881
List the prime factors of 143442.
2, 3, 13, 613
List the prime factors of 11163341.
7, 1594763
List the prime factors of 6521651.
103, 63317
List the prime factors of 11689699.
7, 47, 35531
What are the prime factors of 1353114?
2, 3, 7, 10739
What are the prime factors of 300878?
2, 150439
List the prime factors of 20630263.
421, 49003
What are the prime factors of 275345?
5, 7, 7867
What are the prime factors of 281804?
2, 70451
What are the prime factors of 238514?
2, 31, 3847
What are the prime factors of 612979?
37, 16567
What are the prime factors of 1605997?
433, 3709
List the prime factors of 114328.
2, 31, 461
List the prime factors of 17842.
2, 11, 811
List the prime factors of 409433.
409433
What are the prime factors of 612439?
612439
List the prime factors of 127470.
2, 3, 5, 7, 607
What are the prime factors of 5072949?
3, 7, 23, 389
What are the prime factors of 395901?
3, 11, 31, 43
List the prime factors of 1906949.
11, 173359
What are the prime factors of 23311815?
3, 5, 757, 2053
What are the prime factors of 836298?
2, 3, 17, 911
What are the prime factors of 1135463?
7, 162209
What are the prime factors of 309653?
37, 8369
List the prime factors of 1115615.
5, 23, 89, 109
List the prime factors of 253971.
3, 28219
List the prime factors of 1960058.
2, 283, 3463
What are the prime factors of 116954?
2, 58477
List the prime factors of 335538.
2, 3, 7, 2663
What are the prime factors of 3208910?
2, 5, 19, 16889
What are the prime factors of 9902182?
2, 4951091
List the prime factors of 267812.
2, 23, 41, 71
List the prime factors of 3576914.
2, 11, 23, 7069
What are the prime factors of 573848?
2, 11, 6521
List the prime factors of 238600.
2, 5, 1193
List the prime factors of 266523.
3, 73, 1217
List the prime factors of 469798.
2, 7, 23, 1459
What are the prime factors of 22129848?
2, 3, 13, 37, 71
List the prime factors of 5814150.
2, 3, 5, 83, 467
What are the prime factors of 17289990?
2, 3, 5, 64037
List the prime factors of 164237.
17, 9661
List the prime factors of 5163251.
593, 8707
List the prime factors of 2604685.
5, 53, 9829
List the prime factors of 1285756.
2, 31, 10369
What are the prime factors of 1874506?
2, 937253
List the prime factors of 2769758.
2, 1384879
List the prime factors of 2785506.
2, 3, 464251
List the prime factors of 927687.
3, 191, 1619
List the prime factors of 17918068.
2, 7, 17, 37643
List the prime factors of 8490499.
8490499
What are the prime factors of 313779?
3, 104593
What are the prime factors of 3854698?
2, 1927349
What are the prime factors of 196864?
2, 769
What are the prime factors of 8271289?
13, 19, 33487
What are the prime factors of 147158?
2, 11, 6689
What are the prime factors of 348966?
2, 3, 19387
List the prime factors of 179303.
19, 9437
What are the prime factors of 2850344?
2, 7, 23, 2213
What are the prime factors of 332136?
2, 3, 7, 659
List the prime factors of 78330.
2, 3, 5, 7, 373
List the prime factors of 144096.
2, 3, 19, 79
List the prime factors of 1325520.
2, 3, 5, 7, 263
What are the prime factors of 311282?
2, 23, 67, 101
What are the prime factors of 327763?
31, 97, 109
List the prime factors of 133752.
2, 3, 5573
What are the prime factors of 790810?
2, 5, 31, 2551
List the prime factors of 630666.
2, 3, 17, 229
What are the prime factors of 942549?
3, 41, 79, 97
List the prime factors of 11907666.
2, 3, 89, 7433
List the prime factors of 9305566.
2, 4652783
List the prime factors of 4390716.
2, 3, 11, 29, 31, 37
List the prime factors of 102858.
2, 3, 7, 31, 79
What are the prime factors of 4767600?
2, 3, 5, 29, 137
What are the prime factors of 2349130?
2, 5, 7, 37, 907
List the prime factors of 6247678.
2, 31, 100769
List the prime factors of 1491396.
2, 3, 37, 3359
What are the prime factors of 12605825?
5, 587, 859
List the prime factors of 33810026.
2, 31, 587, 929
What are the prime factors of 1762553?
13, 135581
List the prime factors of 6567967.
7, 17, 97, 569
List the prime factors of 948947.
948947
What are the prime factors of 1197058?
2, 23, 53, 491
What are the prime fact